 base 5, what is 404004 + -3?
404001
In base 3, what is 1121 + 1110120?
1112011
In base 8, what is -152 - -15?
-135
In base 10, what is -27 + -157930?
-157957
In base 15, what is -1a67d + -5?
-1a683
In base 14, what is -5b5a5b + 4?
-5b5a57
In base 11, what is -221 + -478?
-699
In base 2, what is 100011 + 111111111111110?
1000000000100001
In base 4, what is -12 - 1032332?
-1033010
In base 13, what is -6 - -1211b?
12115
In base 4, what is 2102331 + -2?
2102323
In base 5, what is 14321 + -102?
14214
In base 9, what is -22 + -13748?
-13771
In base 7, what is -36460 + -114?
-36604
In base 9, what is -1 + -25540?
-25541
In base 3, what is 11 - -2001120120012?
2001120120100
In base 10, what is 0 + -365526?
-365526
In base 2, what is 0 - -101101101010110101?
101101101010110101
In base 13, what is 182c22 + -5?
182c1a
In base 5, what is 1013401 + -3?
1013343
In base 13, what is 73b + -418?
323
In base 16, what is 2d238 + 3?
2d23b
In base 13, what is 288 + -203?
85
In base 4, what is 31 - -100022?
100113
In base 16, what is -bbd9 + -2?
-bbdb
In base 6, what is -1243342 - 1?
-1243343
In base 2, what is -100000100000010010 + 11?
-100000100000001111
In base 4, what is -102000 + -11?
-102011
In base 3, what is 22102121 + -222?
22101122
In base 6, what is -255 + 125?
-130
In base 15, what is -3 - -1b3?
1b0
In base 9, what is -4652235 - -5?
-4652230
In base 10, what is -131 + -238?
-369
In base 9, what is 53 - 25341?
-25277
In base 4, what is 322003 + -11?
321332
In base 5, what is 32 - -132130?
132212
In base 16, what is -15 - -6321?
630c
In base 8, what is -6 + -20635?
-20643
In base 5, what is -1020 + 1203?
133
In base 14, what is -149a5 - 19?
-149c0
In base 14, what is 69 + -1097?
-102c
In base 8, what is -477314 + -6?
-477322
In base 15, what is -c414 + 4?
-c410
In base 10, what is -111 - 22597?
-22708
In base 15, what is 2c50 + 5?
2c55
In base 14, what is -37 + -ccb?
-d24
In base 6, what is 0 - 1102015?
-1102015
In base 5, what is 20 + -321202?
-321132
In base 4, what is -2 - 1123023?
-1123031
In base 3, what is -1010 - -101001011012?
101001010002
In base 15, what is 0 + 15255?
15255
In base 15, what is 86e19 - -2?
86e1b
In base 13, what is 193 + -1008?
-b45
In base 14, what is 5 + 92b?
932
In base 11, what is -58 - 159?
-206
In base 15, what is 4c5 - 70c?
-237
In base 16, what is 5f - 201?
-1a2
In base 8, what is 1 - -657326?
657327
In base 11, what is -50 + -2106?
-2156
In base 13, what is -b + 894?
886
In base 6, what is 2200554 - -4?
2201002
In base 5, what is -1042304 - 144?
-1043003
In base 9, what is -776 - 7385?
-8272
In base 10, what is -4 + -43260?
-43264
In base 6, what is -2 - 13121025?
-13121031
In base 16, what is -347b + 1?
-347a
In base 13, what is 9029 + -5?
9024
In base 5, what is -231 + -3440?
-4221
In base 15, what is cb + -12b?
-50
In base 12, what is -b349 - -72?
-b297
In base 13, what is -22 + -361b?
-3640
In base 4, what is 13300133 - 0?
13300133
In base 6, what is -14 + 134220?
134202
In base 16, what is dc + -2bce?
-2af2
In base 11, what is -67 + 344?
288
In base 9, what is 25233 - -12?
25245
In base 11, what is 6811a + 4?
68123
In base 16, what is -5 + df9?
df4
In base 9, what is -17 + 2262?
2244
In base 5, what is 22201 + 1114?
23320
In base 2, what is -1100 + 110011001?
110001101
In base 16, what is -cb3b - -1?
-cb3a
In base 9, what is 1 + -143721?
-143720
In base 10, what is 68 - 415?
-347
In base 14, what is 3745d - 2?
3745b
In base 3, what is 12 - -111200001120?
111200001202
In base 7, what is -3 - 322613?
-322616
In base 8, what is -225 + 1337?
1112
In base 9, what is -13457 - 36?
-13504
In base 9, what is -3 + -53777?
-53781
In base 13, what is -28352c - -2?
-28352a
In base 10, what is -39637 - 18?
-39655
In base 13, what is 5 - -30102a?
301032
In base 15, what is a50 - 5?
a4a
In base 4, what is 21030131221 + -10?
21030131211
In base 4, what is 1112 + -102111?
-100333
In base 7, what is -4 + -43204?
-43211
In base 5, what is -140434 - 214?
-141203
In base 2, what is -101 + -101011011010011000?
-101011011010011101
In base 5, what is -1412 + -31024?
-32441
In base 16, what is 1e - 13c5?
-13a7
In base 2, what is 110011 + 11100111000?
11101101011
In base 13, what is 97 - 232?
-168
In base 4, what is 13101101 + 1010?
13102111
In base 8, what is 1 - -27425?
27426
In base 5, what is 3 + 403314?
403322
In base 10, what is 96 - 822?
-726
In base 12, what is 1 - 206754?
-206753
In base 15, what is 545b3 - 3?
545b0
In base 8, what is -10 - 137621?
-137631
In base 5, what is 314100133 + -3?
314100130
In base 16, what is 5 - 4b283?
-4b27e
In base 3, what is -10102002220 + 2?
-10102002211
In base 4, what is -23010222 - 12?
-23010300
In base 9, what is 61 + 722?
783
In base 11, what is -1798 - -2?
-1796
In base 3, what is -2210 + 1121022120?
1121012210
In base 6, what is -14243 + 245?
-13554
In base 7, what is -1 - 25254?
-25255
In base 7, what is 24 + -1560?
-1533
In base 3, what is 121222 + -10202?
111020
In base 9, what is 0 - -30077?
30077
In base 12, what is -2 + 1276?
1274
In base 2, what is 1110000 - -11001010110?
11011000110
In base 10, what is -336521 - 5?
-336526
In base 7, what is -3333206 + 11?
-3333165
In base 8, what is -146563 - 2?
-146565
In base 7, what is -3606323 - -2?
-3606321
In base 2, what is -110110 - 111001010110?
-111010001100
In base 7, what is -5 + 43330?
43322
In base 13, what is cc25 + -1c?
cc06
In base 7, what is -1 - -6415?
6414
In base 9, what is -2843 + -216?
-3160
In base 4, what is -111 + 103221?
103110
In base 16, what is 6712 - c?
6706
In base 14, what is -5300b - 3?
-53010
In base 7, what is 30 + -1342?
-1312
In base 14, what is 5493 + -5?
548c
In base 12, what is 5 + -4502?
-44b9
In base 11, what is 5623 + 52?
5675
In base 5, what is 1 + 24123?
24124
In base 4, what is -23220 - 1031?
-30311
In base 4, what is -2 - -30213201?
30213133
In base 16, what is c - 93b?
-92f
In base 12, what is 1 - -81b66?
81b67
In base 12, what is a61908 - 4?
a61904
In base 11, what is 26 - -2a4?
31a
In base 16, what is 4 + -5a47?
-5a43
In base 3, what is 1121201001111 - 2?
1121201001102
In base 10, what is -164933 - -12?
-164921
In base 15, what is -2a - -a210?
a1d5
In base 11, what is -4 + 1a5127?
1a5123
In base 11, what is -172a41 + -6?
-172a47
In base 8, what is 227 + -10124?
-7675
In base 14, what is -4 - -4423?
441d
In base 14, what is -231bcd + -2?
-231bd1
In base 9, what is 1 + 151037?
151038
In base 4, what is 123 + -10102313?
-10102130
In base 4, what is -1121210 - -1310?
-1113300
In base 7, what is -1355220 + 4?
-1355213
In base 9, what is -3 - -653?
650
In base 14, what is d51 - -14?
d65
In base 15, what is 21 + db2b?
db4c
In base 14, what is 1708 - -395?
1a9d
In base 10, what is 0 - -63792?
63792
In base 11, what is -95a + 473?
-497
In base 10, what is -1456273 - -5?
-1456268
In base 6, what is -14100430 + -4?
-14100434
In base 9, what is -18250 + -216?
-18466
In base 4, what is -1132 - -3021320?
3020122
In base 15, what is 15 - -c39?
c4e
In base 15, what is 1c90d - 2?
1c90b
In base 9, what is 20 - -3187?
3217
In base 6, what is -241 + 13254?
13013
In base 5, what is -431034 - 210?
-431244
In base 6, what is 34 + 433033?
433111
In base 15, what is 6e - -16c?
1db
In base 14, what is 29da3 - -6?
29da9
In base 5, what is 1003332 - -20?
1003402
In base 7, what is -11151 + -1536?
-13020
In base 12, what is -10b55b2 + -1?
-10b55b3
In base 4, what is 20 - -1022223?
1022303
In base 9, what is -10 + -87638?
-87648
In base 6, what is -244310 - 4?
-244314
In base 9, what is -2 - 724630?
-724632
In base 13, what is 33 - 104a?
-1017
In base 5, what is -41 - 113230?
-113321
In base 11, what is 0 + -6304?
-6304
In base 15, what is -bd652 + 4?
-bd64d
In base 6, what is -5501020 - 0?
-5501020
In base 11, what is -831331 + 1?
-831330
In base 8, what is 16 + 1444?
1462
In base 6, what is -1 - -4043444?
4043443
In base 6, what is 1 - 1232?
-1231
In base 5, what is 103144 + -3433?
44211
In base 16, what is -28d + 8ae?
621
In base 4, what is 101 - 302230?
-302123
In base 5, what is -43 + -1124?
-1222
In base 15, what is 1e24 - -3?
1e27
In base 8, what is -10 + 57371?
57361
In base 6, what is 342140 - 141?
341555
In base 2, what is -1101101001100010 - -10?
-1101101001100000
In base 8, what is 2 - 22517?
-22515
In base 7, wha